he greatest common factor of 20 and 16?
4
Calculate the highest common divisor of 58021 and 17.
17
What is the greatest common divisor of 21 and 43575?
21
What is the highest common divisor of 14 and 63?
7
Calculate the greatest common divisor of 945 and 510.
15
What is the highest common factor of 747 and 1079?
83
Calculate the greatest common divisor of 1425 and 57.
57
Calculate the greatest common divisor of 680 and 40.
40
What is the highest common factor of 53 and 2279?
53
What is the highest common factor of 616 and 56?
56
What is the greatest common divisor of 143 and 104?
13
Calculate the highest common factor of 116 and 638.
58
Calculate the greatest common factor of 16765 and 350.
35
Calculate the greatest common factor of 90 and 3096.
18
What is the highest common factor of 26 and 9542?
26
Calculate the highest common divisor of 156 and 26.
26
What is the greatest common factor of 712 and 8?
8
Calculate the greatest common divisor of 737 and 201.
67
Calculate the highest common factor of 48 and 26112.
48
What is the highest common divisor of 4408 and 1160?
232
Calculate the greatest common divisor of 612 and 1989.
153
What is the greatest common factor of 63 and 7119?
63
What is the highest common divisor of 2100 and 1596?
84
Calculate the highest common divisor of 215 and 15.
5
Calculate the greatest common factor of 20 and 1215.
5
Calculate the greatest common divisor of 25511 and 97.
97
What is the greatest common divisor of 23 and 45494?
23
What is the greatest common divisor of 28 and 14?
14
Calculate the highest common factor of 390 and 30.
30
What is the greatest common divisor of 39464 and 8?
8
Calculate the highest common factor of 14 and 1120.
14
What is the highest common factor of 76 and 16?
4
Calculate the highest common factor of 70 and 1820.
70
What is the greatest common divisor of 7031 and 89?
89
What is the highest common divisor of 483 and 84?
21
What is the highest common divisor of 2 and 2?
2
Calculate the greatest common divisor of 529 and 23.
23
What is the highest common divisor of 220 and 60?
20
Calculate the highest common factor of 15 and 257.
1
Calculate the highest common divisor of 32 and 352.
32
What is the highest common divisor of 5676 and 24?
12
What is the highest common divisor of 3973 and 274?
137
What is the greatest common divisor of 60 and 255?
15
Calculate the highest common factor of 55 and 11.
11
Calculate the greatest common factor of 76 and 94.
2
Calculate the highest common factor of 7199 and 23.
23
Calculate the greatest common divisor of 60 and 165.
15
Calculate the highest common factor of 1912 and 2629.
239
What is the greatest common factor of 7815 and 15?
15
Calculate the greatest common divisor of 204 and 1938.
102
What is the highest common factor of 42 and 154?
14
What is the highest common factor of 1022 and 14?
14
What is the greatest common divisor of 899 and 31?
31
Calculate the greatest common divisor of 27 and 31923.
9
What is the greatest common factor of 1632 and 17?
17
Calculate the highest common factor of 64 and 220.
4
Calculate the highest common factor of 15 and 475.
5
What is the greatest common factor of 12093 and 87?
87
Calculate the highest common factor of 23 and 483.
23
What is the greatest common divisor of 66 and 5115?
33
What is the greatest common divisor of 749 and 7?
7
What is the highest common divisor of 1617 and 132?
33
What is the greatest common factor of 1908 and 108?
36
What is the greatest common factor of 135 and 1107?
27
Calculate the highest common factor of 3483 and 258.
129
Calculate the greatest common divisor of 125 and 25.
25
Calculate the greatest common factor of 33 and 3443.
11
What is the highest common factor of 1175 and 94?
47
What is the highest common factor of 1165 and 7223?
233
What is the greatest common factor of 580 and 7888?
116
What is the greatest common divisor of 10 and 130?
10
Calculate the highest common factor of 2886 and 592.
74
Calculate the highest common divisor of 125 and 25.
25
What is the greatest common divisor of 8 and 33664?
8
Calculate the greatest common divisor of 168 and 532.
28
What is the highest common divisor of 6080 and 57?
19
Calculate the greatest common factor of 1827 and 9.
9
Calculate the highest common factor of 648 and 81.
81
What is the greatest common divisor of 66 and 770?
22
What is the highest common divisor of 27 and 32724?
27
What is the greatest common factor of 437 and 207?
23
Calculate the greatest common factor of 22 and 4642.
22
What is the greatest common divisor of 14526 and 54?
54
Calculate the highest common factor of 20 and 7870.
10
Calculate the highest common divisor of 11849 and 85.
17
Calculate the highest common divisor of 236 and 2537.
59
What is the greatest common divisor of 243 and 207?
9
Calculate the greatest common factor of 1210 and 2530.
110
Calculate the greatest common factor of 13579 and 37.
37
Calculate the greatest common factor of 437 and 76.
19
Calculate the highest common divisor of 832 and 288.
32
What is the highest common divisor of 320 and 1620?
20
Calculate the greatest common divisor of 800 and 50.
50
What is the greatest common divisor of 1064 and 684?
76
What is the highest common divisor of 312 and 234?
78
What is the highest common factor of 49 and 931?
49
What is the greatest common divisor of 6767 and 67?
67
What is the greatest common factor of 98 and 68404?
98
Calculate the greatest common divisor of 40 and 40.
40
What is the highest common factor of 78 and 858?
78
What is the greatest common factor of 8 and 84?
4
Calculate the highest common divisor of 160 and 1568.
32
What is the highest common divisor of 4095 and 315?
315
Calculate the greatest common divisor of 9693 and 27.
27
What is the greatest common divisor of 7314 and 46?
46
Calculate the highest common factor of 762 and 48.
6
Calculate the highest common factor of 6 and 1136.
2
Calculate the highest common divisor of 17190 and 15.
15
What is the highest common factor of 471 and 9?
3
Calculate the greatest common factor of 403 and 155.
31
What is the greatest common factor of 156 and 36?
12
Calculate the greatest common divisor of 213 and 1633.
71
What is the greatest common divisor of 176 and 32?
16
Calculate the greatest common divisor of 27716 and 164.
164
What is the highest common divisor of 16 and 1?
1
What is the highest common divisor of 120 and 3630?
30
What is the highest common divisor of 108 and 1314?
18
Calculate the greatest common factor of 8 and 184.
8
What is the highest common factor of 1677 and 78?
39
What is the greatest common factor of 126 and 30?
6
Calculate the greatest common divisor of 76 and 38.
38
What is the highest common divisor of 2013 and 231?
33
What is the highest common divisor of 6 and 174?
6
What is the greatest common factor of 738 and 697?
41
What is the greatest common factor of 152 and 8?
8
Calculate the highest common factor of 264 and 36.
12
Calculate the highest common divisor of 5 and 5.
5
What is the greatest common factor of 2132 and 208?
52
Calculate the greatest common divisor of 480 and 5220.
60
Calculate the highest common factor of 960 and 1215.
15
What is the greatest common factor of 411 and 12?
3
What is the greatest common divisor of 4945 and 460?
115
What is the highest common factor of 76 and 376?
4
What is the greatest common divisor of 812 and 56?
28
What is the highest common factor of 105590 and 10?
10
What is the greatest common divisor of 3 and 192?
3
What is the highest common divisor of 78 and 16042?
26
What is the highest common factor of 904 and 16?
8
Calculate the highest common factor of 126 and 342.
18
What is the highest common factor of 1403 and 92?
23
Calculate the greatest common divisor of 1041 and 37129.
347
Calculate the highest common factor of 374 and 9622.
34
Calculate the highest common divisor of 1984 and 192.
64
Calculate the highest common divisor of 12692 and 38.
38
What is the greatest common factor of 1455 and 270?
15
Calculate the highest common divisor of 57 and 76.
19
What is the greatest common factor of 406 and 28?
14
What is the highest common divisor of 248 and 93?
31
Calculate the highest common factor of 33 and 9.
3
Calculate the highest common factor of 102 and 68.
34
Calculate 